{"id":32,"date":"2023-09-21T17:02:20","date_gmt":"2023-09-21T15:02:20","guid":{"rendered":"https:\/\/ea-balagne.fr\/?page_id=32"},"modified":"2025-12-25T17:18:13","modified_gmt":"2025-12-25T16:18:13","slug":"eclairage","status":"publish","type":"page","link":"https:\/\/ea-balagne.fr\/?page_id=32","title":{"rendered":"Eclairage"},"content":{"rendered":"\n<div class=\"wp-block-group is-layout-constrained wp-block-group-is-layout-constrained\">\n<div class=\"wp-block-group is-vertical is-content-justification-center is-layout-flex wp-container-core-group-is-layout-1 wp-block-group-is-layout-flex\">\n<p>L&rsquo;\u00e9clairage, indispensable \u00e0 tout spectacle et\/ou \u00e9v\u00e8nement de qualit\u00e9, sera \u00e9tudi\u00e9 par notre \u00e9quipe dans les moindres d\u00e9tails.<br>E-A-B donnera, gr\u00e2ce aux techniques utilis\u00e9es, l&rsquo;\u00e9clat que votre audience est en droit d&rsquo;attendre !<br>Notre \u00e9quipe vous propose des solutions sur mesure, cl\u00e9s en mains, adapt\u00e9es tant \u00e0 vos souhaits qu&rsquo;\u00e0 vos besoins et \u00e0 votre budget.<\/p>\n<\/div>\n\n\n\n<div class=\"wp-block-group is-vertical is-content-justification-center is-layout-flex wp-container-core-group-is-layout-2 wp-block-group-is-layout-flex\">\n<p class=\"has-text-align-center p-link has-large-font-size\"><a href=\"https:\/\/ea-balagne.fr\/?page_id=15\" data-type=\"page\" data-id=\"15\">Consultez-nous !<\/a><\/p>\n<\/div>\n<\/div>\n","protected":false},"excerpt":{"rendered":"<p>L&rsquo;\u00e9clairage, indispensable \u00e0 tout spectacle et\/ou \u00e9v\u00e8nement de qualit\u00e9, sera \u00e9tudi\u00e9 par notre \u00e9quipe dans les moindres d\u00e9tails.E-A-B donnera, gr\u00e2ce aux techniques utilis\u00e9es, l&rsquo;\u00e9clat que votre audience est en droit [&hellip;]<\/p>\n","protected":false},"author":1,"featured_media":0,"parent":28,"menu_order":0,"comment_status":"closed","ping_status":"closed","template":"","meta":{"footnotes":""},"class_list":["post-32","page","type-page","status-publish","hentry"],"_links":{"self":[{"href":"https:\/\/ea-balagne.fr\/index.php?rest_route=\/wp\/v2\/pages\/32","targetHints":{"allow":["GET"]}}],"collection":[{"href":"https:\/\/ea-balagne.fr\/index.php?rest_route=\/wp\/v2\/pages"}],"about":[{"href":"https:\/\/ea-balagne.fr\/index.php?rest_route=\/wp\/v2\/types\/page"}],"author":[{"embeddable":true,"href":"https:\/\/ea-balagne.fr\/index.php?rest_route=\/wp\/v2\/users\/1"}],"replies":[{"embeddable":true,"href":"https:\/\/ea-balagne.fr\/index.php?rest_route=%2Fwp%2Fv2%2Fcomments&post=32"}],"version-history":[{"count":6,"href":"https:\/\/ea-balagne.fr\/index.php?rest_route=\/wp\/v2\/pages\/32\/revisions"}],"predecessor-version":[{"id":185,"href":"https:\/\/ea-balagne.fr\/index.php?rest_route=\/wp\/v2\/pages\/32\/revisions\/185"}],"up":[{"embeddable":true,"href":"https:\/\/ea-balagne.fr\/index.php?rest_route=\/wp\/v2\/pages\/28"}],"wp:attachment":[{"href":"https:\/\/ea-balagne.fr\/index.php?rest_route=%2Fwp%2Fv2%2Fmedia&parent=32"}],"curies":[{"name":"wp","href":"https:\/\/api.w.org\/{rel}","templated":true}]}}